s -103031211220 - -20?
-103031211200
In base 3, what is 112210111022 - -1000120?
112211111212
In base 3, what is 12 - -12002011212022?
12002011212111
In base 11, what is 30142 + -223?
2aa1a
In base 7, what is -136533 + 22436?
-114064
In base 14, what is 94b1b93 - -3?
94b1b96
In base 8, what is -43 + 10071345?
10071302
In base 16, what is -10b + 110cb0?
110ba5
In base 9, what is -11361705 + 0?
-11361705
In base 15, what is 18048 + -ce?
17e69
In base 12, what is -18b204 + 53?
-18b171
In base 6, what is 5 + 3331550142?
3331550151
In base 12, what is -262954 + -44?
-262998
In base 6, what is -35052552 + -54?
-35053050
In base 2, what is 1110011 - -101001100101110111010?
101001100110000101101
In base 16, what is 14687 + -4d?
1463a
In base 14, what is -7283 + -d8d?
-8232
In base 15, what is ed72d1 + -1?
ed72d0
In base 15, what is -6 + 3c0acc2?
3c0acbb
In base 3, what is -1121200 + 2102222?
211022
In base 16, what is b14 + 72f?
1243
In base 12, what is -18a31 + -35?
-18a66
In base 2, what is -1101111100111100101001010 - 100?
-1101111100111100101001110
In base 4, what is 23313120 + -32233?
23220221
In base 16, what is 0 - 6b2848?
-6b2848
In base 4, what is -300030232032 + -1?
-300030232033
In base 2, what is 1010001110 + 110101101110111101?
110101111001001011
In base 9, what is -1185034462 + -3?
-1185034465
In base 14, what is -405 - 416c?
-4573
In base 16, what is -17154a1 + 2?
-171549f
In base 2, what is 101 + 101011101111011010?
101011101111011111
In base 15, what is 56aae0b - -9?
56aae15
In base 10, what is -1215251201 - -5?
-1215251196
In base 11, what is 867a - -20101?
28780
In base 5, what is 0 + 302131210?
302131210
In base 6, what is 4 + 12210512433?
12210512441
In base 13, what is 15a + 20a6b?
20bc8
In base 11, what is 1 - 2647a6aa?
-2647a6a9
In base 14, what is 4 + 16644102?
16644106
In base 8, what is -1032024372 + 4?
-1032024366
In base 7, what is 134520261 - 0?
134520261
In base 6, what is 11452 - -531021?
542513
In base 5, what is 10104103312 + -114?
10104103143
In base 13, what is -a30a168 + -7?
-a30a172
In base 8, what is -3 + 20122264?
20122261
In base 14, what is 54d07d0 - 4?
54d07ca
In base 10, what is 24429891 - 5?
24429886
In base 13, what is -15c0 - -2c7b0?
2b1c0
In base 9, what is -260 + 44114?
43744
In base 16, what is 2 + -1181441?
-118143f
In base 12, what is -a2b - -3bb0?
3181
In base 11, what is 4165aa + -106?
4164a4
In base 9, what is -272 + 8600?
8317
In base 6, what is 201 - -13412?
14013
In base 13, what is -14912a - 2a?
-149157
In base 9, what is -228714 - -3?
-228711
In base 4, what is 21 - 2321211132?
-2321211111
In base 11, what is 13180 + 3386?
16556
In base 3, what is -110200201122 + 2202?
-110200121220
In base 11, what is 1a139 - 183?
19a66
In base 16, what is -2f + -90f54?
-90f83
In base 12, what is -b46b4 + -10?
-b4704
In base 7, what is 1414646 - -2066?
1420045
In base 4, what is -131 + 20302332?
20302201
In base 3, what is -1020000 - -21222011?
20202011
In base 6, what is -4 - -154542400?
154542352
In base 7, what is -116200211 - 2?
-116200213
In base 12, what is -136691a - -1b?
-13668bb
In base 4, what is -21012200 - 321?
-21013121
In base 13, what is -1b46705 - 2?
-1b46707
In base 15, what is 10941 - a79?
edb7
In base 7, what is 5654550 - -226?
5655106
In base 12, what is 1711908 - -6?
1711912
In base 5, what is -21242333 + 4?
-21242324
In base 15, what is -1a35 - 1b3?
-1be8
In base 4, what is -2 + -21303111211?
-21303111213
In base 5, what is -130242 + 1011332?
331040
In base 8, what is -5 - -7617076?
7617071
In base 10, what is -19 + -143739?
-143758
In base 13, what is 354 + -224?
130
In base 9, what is 3753 - 11868?
-7115
In base 4, what is 131 + 222012300?
222013031
In base 16, what is 14215da + -1f?
14215bb
In base 5, what is 101004 - -2323212?
2424221
In base 9, what is -1 + 7656678?
7656677
In base 6, what is -130441 - 2030?
-132511
In base 8, what is -4107 - -426222?
422113
In base 5, what is -111 + -13000213?
-13000324
In base 2, what is 11 + 10001100010010100111111?
10001100010010101000010
In base 5, what is -30444200400 + -21?
-30444200421
In base 16, what is -437f83 + 2?
-437f81
In base 15, what is -1dd34 - -1b7?
-1db6c
In base 4, what is -30302010301 - 0?
-30302010301
In base 16, what is 313f51 - -c3?
314014
In base 6, what is -4325 + 1143550?
1135221
In base 13, what is -3 - -17253c23?
17253c20
In base 11, what is 5307189 + 14?
53071a2
In base 10, what is -466 - 5689?
-6155
In base 16, what is 443cc2 + 58?
443d1a
In base 5, what is -23434333101 - 0?
-23434333101
In base 10, what is 1 - -2951?
2952
In base 9, what is 56840113 - -5?
56840118
In base 8, what is 166605512 - 1?
166605511
In base 15, what is 1334 - 95a?
8c9
In base 3, what is -12212122220111 - -20?
-12212122220021
In base 5, what is -223334 + 112231?
-111103
In base 16, what is -16824 - -8f1?
-15f33
In base 15, what is -1 - 12c09804?
-12c09805
In base 10, what is 41 + -502330?
-502289
In base 4, what is 1012 - -230211022?
230212100
In base 3, what is -10011220000 + 1101022?
-10010111201
In base 3, what is -11200 - 12221200101?
-12221212001
In base 16, what is -ca6684 - -4?
-ca6680
In base 16, what is -79c0 - -e96?
-6b2a
In base 3, what is 100212 - -212112022?
212220011
In base 13, what is -84a8b + -18c?
-84c4a
In base 11, what is -9951 + -330?
-a181
In base 5, what is 4 - -14001014220?
14001014224
In base 11, what is 2a173 + -44a5?
25779
In base 15, what is e6 - -30488?
3057e
In base 15, what is 4 - 172e59a?
-172e596
In base 5, what is -421031 + 424?
-420102
In base 14, what is 1c46 - -253?
2099
In base 14, what is -4 + -24762a?
-247630
In base 10, what is -725273 + -26?
-725299
In base 16, what is -3 + a9e03?
a9e00
In base 10, what is 3290637 + 6?
3290643
In base 16, what is -4 + 31e7e78?
31e7e74
In base 12, what is 3 + 3895920?
3895923
In base 9, what is -752 + 52837?
52075
In base 2, what is -100101101110000100 + 10000111111101?
-100011100110000111
In base 5, what is 3214224233 - 1?
3214224232
In base 15, what is 74b46 - 0?
74b46
In base 9, what is -534377 + -18?
-534406
In base 3, what is -112200222121 - 101202?
-112201101100
In base 5, what is -310143 + -2442122?
-3302320
In base 8, what is -376 + 46547?
46151
In base 3, what is -22121 - 1020002112?
-1020102010
In base 4, what is -12 - -1321230210002?
1321230203330
In base 4, what is -1021 + 322200133010?
322200131323
In base 5, what is -23414320 - -130?
-23414140
In base 10, what is -137 - 243644?
-243781
In base 2, what is 1101 + -10011100010001110000111?
-10011100010001101111010
In base 16, what is -22f10c - 3?
-22f10f
In base 10, what is 45501 - -16?
45517
In base 4, what is 100 + 10232233101?
10232233201
In base 14, what is -27a38 - -a9?
-2796d
In base 13, what is 17bca02 - 5?
17bc9ca
In base 7, what is 2 + -6345112?
-6345110
In base 2, what is -10000011011010010011000100100 + 101?
-10000011011010010011000011111
In base 4, what is -3 + 122321032200?
122321032131
In base 13, what is -14a195 + -6?
-14a19b
In base 5, what is 22122033 - 430?
22121103
In base 2, what is -110010101011101100000 + -1001?
-110010101011101101001
In base 2, what is 11000100110010010011 - -100?
11000100110010010111
In base 9, what is 38801 + 3601?
43502
In base 14, what is -2b6c - -14b5b?
11dcd
In base 3, what is 10 + -22022002112222111?
-22022002112222101
In base 16, what is -1e4 + 20fab?
20dc7
In base 13, what is 4 - 2a8930?
-2a8929
In base 12, what is -52 - -2119717?
2119685
In base 9, what is -1501177281 - 4?
-1501177285
In base 12, what is -4a - -6b6b1?
6b663
In base 13, what is 104556 + 39?
104592
In base 7, what is 30 + 11150204?
11150234
In base 2, what is 1111011101100 + -1100011101010?
11000000010
In base 13, what is -ccc1 - 200?
-101c1
In base 11, what is -131 + 173793?
173662
In base 8, what is 202 - -1243040?
1243242
In base 15, what is 35b14 + 55?
35b69
In base 15, what is 1d0 - 230e?
-212e
In base 14, what is 1b4 - -16707?
168bb
In base 14, what is -7 + -3d512?
-3d519
In base 10, what is -324085 + 14?
-324071
In base 5, what is -1202110041 + 0?
-1202110041
In base 7, what is -5515143 - -103?
-5515040
In base 6, what is -11 + -1240412520?
-1240412531
In base 14, what is da364 - -5?
da369
In base 13, what is 1a0517 + 7?
1a0521
In base 7, what is -516631 - -345?
-516253
In base 9, w